ase 12, what is b3b16a - 67?
b3b103
In base 7, what is 4252141 + 155?
4252326
In base 14, what is a7b - -6908?
7585
In base 2, what is 11010011100111111011 - -10110110?
11010011101010110001
In base 12, what is 206a0 + 3b2?
20a92
In base 11, what is -166 - 3788?
-3943
In base 11, what is -50804aa + -7?
-5080506
In base 3, what is 20011 + -21000122221?
-21000102210
In base 13, what is -1a2b + -1a2?
-1c00
In base 13, what is -46bab36 + -6?
-46bab3c
In base 3, what is 12 - 110102021110010?
-110102021102221
In base 3, what is 212212 + 110021022220?
110022012202
In base 13, what is -2 + -13b1433?
-13b1435
In base 10, what is -6 - 42105?
-42111
In base 7, what is -11401 + 112400?
100666
In base 11, what is 49510 - -44a?
4995a
In base 8, what is 6340 - 165?
6153
In base 15, what is -328882 - 3?
-328885
In base 7, what is -2 + 11433610?
11433605
In base 8, what is 3377562 + -113?
3377447
In base 9, what is 1144073 + -2780?
1141183
In base 12, what is 1a4 + 13272?
13456
In base 9, what is -3 + 5752464?
5752461
In base 14, what is 2 + -4b7c6d?
-4b7c6b
In base 13, what is -3466b1 + -305?
-3469b6
In base 14, what is -b9ad + -2298?
-dc67
In base 13, what is 3 - -1877b57?
1877b5a
In base 12, what is 89883 + 10b?
89992
In base 15, what is 38243 - 1047?
371eb
In base 15, what is 2 + 21aec8?
21aeca
In base 7, what is -4 + -23650665?
-23651002
In base 14, what is -d11c + -61a?
-d738
In base 5, what is 13 + 1313412142?
1313412210
In base 11, what is 15 - -824559?
824573
In base 6, what is -404 - -100525452?
100525044
In base 11, what is -481a2 + -157?
-48349
In base 7, what is 1522355650 - 4?
1522355643
In base 3, what is -1100222111000010 + 110?
-1100222110222200
In base 8, what is -2 + 12210712?
12210710
In base 11, what is 30002 - -302?
30304
In base 13, what is 1537 + -124a7?
-10c70
In base 3, what is 12 + -1100001112002221?
-1100001112002202
In base 11, what is -92 - 122161?
-122243
In base 8, what is -34762 - -137?
-34623
In base 13, what is 1 + 2174146?
2174147
In base 9, what is 4 + -10757286?
-10757282
In base 5, what is -14322133 - 1024?
-14323212
In base 7, what is -24162514216 + 4?
-24162514212
In base 8, what is 142560 - -3105?
145665
In base 14, what is 41c8b7 + -a4?
41c813
In base 16, what is 3a + bc95c5?
bc95ff
In base 8, what is 140735 + -3713?
135022
In base 13, what is 104b38bc - -2?
104b38c1
In base 9, what is -11 - -56065?
56054
In base 13, what is -942a70 + -4?
-942a74
In base 13, what is 7b7930 + 10?
7b7940
In base 11, what is -771 + 366aa?
35a39
In base 15, what is -2c652 + 21?
-2c631
In base 10, what is 87068 + -926?
86142
In base 9, what is 651325 + 180?
651515
In base 15, what is -1ddc80 + 5?
-1ddc7a
In base 8, what is -3 + 4451307?
4451304
In base 3, what is 222102102100001011 - 12?
222102102100000222
In base 12, what is 5 + -134bb6b?
-134bb66
In base 8, what is 604 - 11721?
-11115
In base 14, what is -126483 + -15?
-126498
In base 11, what is 2a - 39a564?
-39a535
In base 14, what is -200241b - -3?
-2002418
In base 4, what is -11 + 11202300302313?
11202300302302
In base 15, what is 45d499b - -15?
45d49b1
In base 4, what is -23313212320 + 2?
-23313212312
In base 13, what is 922 - 861?
91
In base 11, what is -216793 + 13?
-216780
In base 8, what is -224607 - 237?
-225046
In base 7, what is -414331 - -524?
-413504
In base 3, what is 10201110210 - 100010101?
10101100102
In base 15, what is 2b1324cb + -3?
2b1324c8
In base 11, what is -2163342 + 4?
-2163339
In base 16, what is -1a - -2555b7?
25559d
In base 5, what is -2131144 + 41?
-2131103
In base 11, what is -1 + -a133a807?
-a133a808
In base 8, what is 25224013 - -1?
25224014
In base 2, what is -1 + -1100100100010011001101111?
-1100100100010011001110000
In base 9, what is -1106 - 16562?
-17668
In base 7, what is 11424660 - -11?
11425001
In base 13, what is -626 - 1567?
-1b90
In base 5, what is 413002 + 14402?
432404
In base 3, what is 11 - 11001210021210?
-11001210021122
In base 10, what is 1 - -13140303?
13140304
In base 8, what is 12 + -10672252?
-10672240
In base 4, what is 12031021213332 + -11?
12031021213321
In base 13, what is 10ab2 - c38?
cb77
In base 12, what is 5b48b + 24?
5b4b3
In base 15, what is 4ac - -638e?
684b
In base 5, what is 3 + -20203142233?
-20203142230
In base 7, what is 503603 - 300?
503303
In base 13, what is -26b + -5b9a1?
-5bc3c
In base 15, what is bc - a5d4?
-a517
In base 9, what is 3502833 - 5?
3502827
In base 13, what is ccc441 + -9?
ccc435
In base 7, what is 3 - -112241006?
112241012
In base 16, what is -1753b + 2d?
-1750e
In base 7, what is -5 + -1422130462?
-1422130500
In base 15, what is 118 - -1a922?
1aa3a
In base 13, what is -2a5 + 289943?
28966b
In base 4, what is 11311 - 2222022121?
-2222010210
In base 4, what is -131321321 - 112?
-131322033
In base 6, what is -531220 - 3?
-531223
In base 7, what is 10 + -102561645?
-102561635
In base 14, what is 32120818 + -1?
32120817
In base 13, what is -7cca9 - -1c9?
-7cab0
In base 10, what is -79581189 - 0?
-79581189
In base 7, what is -16041240 - 45?
-16041315
In base 7, what is 66431562 + -5?
66431554
In base 16, what is -b - -21c076?
21c06b
In base 8, what is 4 - 2332302?
-2332276
In base 8, what is 6712022274 + 2?
6712022276
In base 12, what is 3 + -194a3691?
-194a368a
In base 3, what is 11000 + -211211210020020?
-211211210002020
In base 9, what is 27084402 + -4?
27084387
In base 9, what is 57 + -1612102?
-1612034
In base 11, what is 1 + 3376975?
3376976
In base 2, what is 1 - 101111001101111001100?
-101111001101111001011
In base 11, what is -981237 - 146?
-981382
In base 16, what is 37e6be3d - -3?
37e6be40
In base 14, what is 623 - -143?
766
In base 8, what is 6421 - -3162?
11603
In base 5, what is -103103343 + 104?
-103103234
In base 5, what is 210413420 + -34?
210413331
In base 5, what is 43111020 + -3?
43111012
In base 14, what is 4707b585 - 1?
4707b584
In base 9, what is 831 - 34481?
-33550
In base 11, what is 367095 + 44?
367129
In base 15, what is -c - 6c904?
-6c911
In base 16, what is 4cd - -1b?
4e8
In base 16, what is 9402ed + -3?
9402ea
In base 6, what is 11524001 + -104?
11523453
In base 11, what is 9448280 + -18?
9448263
In base 3, what is 22 - -1211022020210?
1211022021002
In base 10, what is -131 - 402333?
-402464
In base 13, what is 14 - -9c11106?
9c1111a
In base 7, what is 2 + 31040630?
31040632
In base 9, what is -273 - 15048?
-15332
In base 8, what is 42 - 156675214?
-156675152
In base 14, what is 3 - 2939d71?
-2939d6c
In base 11, what is -2 + 16aa9a9?
16aa9a7
In base 16, what is 1 - 1e84a8d?
-1e84a8c
In base 14, what is 2cdd61 - -d?
2cdd70
In base 15, what is -90e3c - -6?
-90e36
In base 16, what is -2 - -2acc1?
2acbf
In base 9, what is -317337 - 25?
-317363
In base 15, what is -1a165d - -2c?
-1a1631
In base 2, what is -10000001000101011000 + 1000?
-10000001000101010000
In base 16, what is -190e - -711?
-11fd
In base 10, what is -3564534 - -5?
-3564529
In base 10, what is 69 + 301537?
301606
In base 11, what is 395 + 18947?
19231
In base 13, what is -42a7 - 360?
-4637
In base 2, what is 1010100001111011111 + 10111?
1010100001111110110
In base 16, what is 2 + 17977c?
17977e
In base 3, what is -2 - 21010021011121?
-21010021011200
In base 14, what is -14b - -154c3c?
154ad1
In base 16, what is 369b1 - -10?
369c1
In base 7, what is 1024135 - 10?
1024125
In base 7, what is -30 - -144515223?
144515163
In base 7, what is -1060 - -36435?
35345
In base 4, what is -3 - 311103?
-311112
In base 5, what is 104240204 - -10?
104240214
In base 6, what is 30 - 330300411?
-330300341
In base 10, what is 3421244 - 5?
3421239
In base 12, what is -14 + 15567a?
155666
In base 6, what is -1112401522 - -4?
-1112401514
In base 2, what is -11010010111100100111100110 + 11?
-11010010111100100111100011
In base 12, what is 73395 + 45?
7341a
In base 6, what is -231144320 - -5?
-231144311
In base 15, what is -1d131897 + -2?
-1d131899
In base 11, what is 5580 - -2205?
7785
In base 6, what is 125 + 110444?
111013
In base 13, what is 4a026 - 97?
49c5c
In base 11, what is -323 + -72988?
-73200
In base 8, what is -140 - -1213371?
1213231
In base 4, what is 1 - -33122212021?
33122212022
In base 6, what is 4301 - -4422?
13123
In base 7, what is 40405005 + -3?
40405002
In base 4, what is 231131220 + 130?
231132010
In base 3, what